tor of 1005665792?
False
Is 26781430 a multiple of 4394?
True
Is 1684 a factor of 388540717?
False
Is 324 a factor of 4021182455?
False
Is 446 a factor of 2515266506?
True
Is 106 a factor of 11400300?
True
Does 33 divide 31566711?
True
Is 714 a factor of 92486562?
True
Is 391 a factor of 97846577?
True
Does 3 divide 9765850?
False
Does 7 divide 47628042?
True
Does 2482 divide 133528114?
False
Does 14 divide 75912964?
False
Is 10119140 a multiple of 271?
True
Does 1668 divide 447182460?
True
Is 13 a factor of 287140401?
False
Does 135 divide 67639035?
False
Does 33 divide 1214847075?
False
Is 898 a factor of 1548027178?
True
Does 21 divide 41617191?
True
Is 18 a factor of 32880515?
False
Is 1363 a factor of 91513183?
True
Is 49285456 a multiple of 88?
True
Is 36618144 a multiple of 12?
True
Does 932 divide 535955239?
False
Is 1122258940 a multiple of 418?
True
Is 39598413 a multiple of 2118?
False
Does 116 divide 2507688?
True
Is 7041 a factor of 111635055?
True
Is 7206148 a multiple of 202?
True
Is 22 a factor of 29120586?
True
Does 23 divide 627226924?
False
Is 160 a factor of 319021440?
True
Does 17 divide 1223364013?
True
Does 357 divide 1582914133?
False
Does 19 divide 51809409?
True
Does 19 divide 1134013187?
False
Is 1150 a factor of 2525411500?
True
Does 517 divide 336317870?
False
Does 10 divide 134791200?
True
Does 50 divide 19937000?
True
Is 11132160 a multiple of 3328?
True
Is 148274680 a multiple of 146?
True
Is 77954544 a multiple of 18?
True
Is 77139175 a multiple of 850?
False
Is 17 a factor of 154894650?
True
Is 59 a factor of 1779067356?
True
Is 381992323 a multiple of 2821?
False
Does 19 divide 637646058?
False
Is 75201393 a multiple of 17?
False
Is 5120 a factor of 1984356072?
False
Is 123534495 a multiple of 421?
False
Is 45449818 a multiple of 1355?
False
Does 6 divide 1535508630?
True
Is 1271536182 a multiple of 457?
False
Does 1093 divide 266768510?
True
Does 3 divide 290378211?
True
Is 16 a factor of 93080624?
True
Is 566 a factor of 792126134?
False
Does 1508 divide 1626414192?
True
Does 4180 divide 187628210?
False
Is 233 a factor of 39185453?
False
Does 4422 divide 179825052?
True
Is 1094194983 a multiple of 275?
False
Does 294 divide 161838255?
False
Is 387631715 a multiple of 658?
False
Is 1868 a factor of 378180336?
True
Is 452 a factor of 6836952?
True
Does 108 divide 602519580?
True
Does 42 divide 407112848?
False
Is 8001167 a multiple of 3?
False
Does 2615 divide 754273778?
False
Is 6430529 a multiple of 5?
False
Does 175 divide 951934200?
True
Is 170 a factor of 3441055146?
False
Is 777660332 a multiple of 43?
True
Does 39 divide 11566347?
True
Does 661 divide 15761743?
False
Is 295885855 a multiple of 31?
True
Does 409 divide 157161931?
True
Does 347 divide 1975561723?
False
Does 11 divide 32554049?
True
Is 302 a factor of 1994006944?
True
Does 6 divide 155037732?
True
Is 237496912 a multiple of 947?
False
Is 909891008 a multiple of 172?
True
Is 114 a factor of 391082010?
False
Is 640189510 a multiple of 101?
True
Does 166 divide 15863260?
False
Is 59823939 a multiple of 20?
False
Is 126 a factor of 933467?
False
Is 56 a factor of 17831717?
False
Does 205 divide 474270956?
False
Is 5837545764 a multiple of 4341?
False
Is 480206291 a multiple of 25?
False
Does 51 divide 339318063?
False
Is 308811120 a multiple of 48?
True
Does 124 divide 9793520?
True
Is 1654 a factor of 603142678?
True
Is 155943298 a multiple of 2033?
True
Does 59 divide 4268788?
False
Is 996454762 a multiple of 34?
True
Is 23292661 a multiple of 130?
False
Is 27 a factor of 677766861?
False
Is 10069110 a multiple of 6?
True
Is 9 a factor of 5186333?
False
Is 14 a factor of 284579558?
False
Is 401 a factor of 53981016?
True
Does 1166 divide 237345560?
False
Is 56257898 a multiple of 106?
False
Is 1178 a factor of 588085872?
True
Is 64483967 a multiple of 19?
True
Does 276 divide 4873884?
True
Is 335 a factor of 215992080?
False
Does 18 divide 50868010?
False
Is 1685 a factor of 794193579?
False
Is 43125727 a multiple of 41?
True
Is 66877987 a multiple of 33?
False
Is 1010 a factor of 207440854?
False
Is 503846765 a multiple of 965?
True
Is 50413541 a multiple of 733?
True
Is 362 a factor of 14100624?
True
Is 14144064 a multiple of 543?
True
Is 8 a factor of 9634458?
False
Does 21 divide 5426266?
False
Is 51 a factor of 117471666?
True
Does 116 divide 41261896?
True
Is 626124119 a multiple of 15?
False
Is 8 a factor of 542610428?
False
Is 123475110 a multiple of 2090?
True
Is 650 a factor of 131450150?
True
Does 30 divide 32578050?
True
Does 66 divide 79522511?
False
Is 969 a factor of 4822713?
True
Is 887 a factor of 2436589?
True
Is 1734135134 a multiple of 1537?
False
Is 1452 a factor of 60338245?
False
Is 1148551092 a multiple of 35?
False
Is 161378145 a multiple of 249?
True
Is 46 a factor of 39532191?
False
Is 520 a factor of 67520960?
True
Does 117 divide 1555164?
True
Is 17215142 a multiple of 14?
True
Does 1612 divide 1731890218?
False
Is 91 a factor of 133093779?
True
Does 9 divide 255591378?
True
Is 32 a factor of 10629184?
True
Is 13 a factor of 852760649?
True
Does 133 divide 11626956?
False
Is 108874811 a multiple of 85?
False
Is 255 a factor of 17301164?
False
Is 5407 a factor of 337087219?
False
Is 3616420 a multiple of 365?
True
Is 18 a factor of 1997351168?
False
Does 1837 divide 8953016?
False
Is 3 a factor of 54484108?
False
Does 377 divide 30639821?
False
Is 26896882 a multiple of 134?
True
Does 9 divide 22423572?
True
Is 1861675 even?
False
Is 71765707 a multiple of 156?
False
Is 66 a factor of 39591826?
False
Is 435995 a multiple of 6?
False
Is 343486080 a multiple of 640?
True
Is 18 a factor of 21666420?
True
Is 9210782 a multiple of 14?
True
Is 2117 a factor of 245601206?
False
Is 1565925965 a multiple of 878?
False
Does 3 divide 509081778?
True
Does 6 divide 19718907?
False
Is 186947399 a multiple of 66?
False
Is 48851659 a multiple of 761?
False
Is 2445114959 a multiple of 1919?
True
Is 19928886 a multiple of 1694?
False
Is 83 a factor of 225744562?
True
Is 222120312 a multiple of 1752?
True
Does 185 divide 243674760?
False
Does 14 divide 4322691032?
False
Is 877140 a multiple of 3?
True
Is 116 a factor of 704808968?
False
Is 9 a factor of 15527025?
True
Does 160 divide 381708647?
False
Is 177 a factor of 181700589?
True
Does 460 divide 242010140?
True
Does 12 divide 15492274?
False
Is 523520452 a multiple of 3458?
True
Is 23 a factor of 28188536?
False
Does 327 divide 2580357?
True
Does 166 divide 975295094?
False
Does 1859 divide 62655736?
True
Is 12 a factor of 5391235055?
False
Does 12 divide 83086401?
False
Is 18 a factor of 134812332?
True
Is 190513225 a multiple of 35?
True
Does 11 divide 166119228?
True
Is 10 a factor of 37615833?
False
Is 9 a factor of 8548817?
False
Is 68143120 a multiple of 95?
True
Does 17 divide 170515020?
False
Does 71 divide 26548676?
False
Is 41 a factor of 28341478?
False
Does 2 divide 18260200?
True
Does 1797 divide 683233100?
False
Is 348 a factor of 2337277042?
False
Is 34 a factor of 436443686?
True
Is 61 a factor of 60225753?
False
Does 19 divide 126299546?
False
Does 14 divide 28207368?
True
Does 17 divide 1830169577?
False
Does 2004 divide 25200300?
True
Does 2553 divide 1116654117?
True
Is 636 a factor of 31526137?
False
Does 403 divide 163052021?
False
Is 64806271 a multiple of 195?
False
Is 747 a factor of 88257074?
False
Is 3 a factor of 31191186?
True
Is 115 a factor of 4178180?
True
Does 5 divide 17547899?
False
Is 673 a factor of 105885245?
False
Is 562629856 a multiple of 376?
True
Is 109118502 a multiple of 438?
True
Is 619601984 a multiple of 26?
False
Does 187 divide 285663873?
False
Does 37 divide 1264290?
True
Is 2022352 a multiple of 9?
False
Is 17482400 a multiple of 533?
True
Does 99 divide 110996325?
True
Is 233 a factor of 11443562?
True
Is 219537925 a multiple of 1441?
False
Is 115 a factor of 1619566505?
True
Is 9794991 a multiple of 230?
False
Is 514902333 a multiple of 3843?
False
Is 16 a factor of 35097502?
False
Does 215 divide 10230345?
True
Is 62 a factor of 3154437203?
False
Is 16 a factor of 64096656?
True
Is 782180 a multiple of 140?
True
Is 18621570 a multiple of 9?
False
Does 410 divide 17302410?
True
Is 251974855 a multiple of 24?
False
Doe